{"id":989562,"date":"2025-07-16T20:34:10","date_gmt":"2025-07-16T18:34:10","guid":{"rendered":"https:\/\/luciasmolen.com\/?post_type=product&#038;p=989562"},"modified":"2026-02-12T11:36:27","modified_gmt":"2026-02-12T10:36:27","slug":"krystalovy-privesok","status":"publish","type":"product","link":"https:\/\/luciasmolen.com\/en\/product\/krystalovy-privesok\/","title":{"rendered":"Crystal pendant"},"content":{"rendered":"<div class=\"vgblk-rw-wrapper limit-wrapper\"><strong>\u2728 Pr\u00edvesok s kri\u0161t\u00e1\u013eom \u2013 v\u00fdnimo\u010dn\u00fd \u0161perk s du\u0161ou<\/strong><\/p>\n<p>Nechajte sa un\u00e1\u0161a\u0165 jemnou energiou svetla a \u010distoty. Tento v\u00fdmenn\u00fd pr\u00edvesok s centr\u00e1lnym kry\u0161t\u00e1lom a \u017eiariv\u00fdmi laborat\u00f3rne pestovan\u00fdmi briliantmi nie je len \u0161perkom \u2013 je symbolom vn\u00fatorn\u00e9ho svetla, harm\u00f3nie a vedomej vo\u013eby.<\/p>\n<p>\ud83d\udc8e<strong> K\u013e\u00fa\u010dov\u00e9 vlastnosti:<\/strong><br \/>\n\u2022 Pr\u00edvesok s vymenite\u013en\u00fdm dizajnom \u2013 \u013eahko ho zlad\u00edte so svojou n\u00e1ladou, z\u00e1merom alebo outfitom<br \/>\n\u2022 Ide\u00e1lny na vlastn\u00fa retiazku \u2013 navrhnut\u00fd tak, aby ladil s v\u00e4\u010d\u0161inou \u0161tandardn\u00fdch retiazok<\/p>\n<p>\ud83c\udf1f <strong>Spiritualita a zmysel:<\/strong><\/p>\n<p>Kry\u0161t\u00e1l v srdci tohto pr\u00edvesku symbolizuje \u010distotu my\u0161lienok, vn\u00fatorn\u00fd pokoj a jasnos\u0165 z\u00e1meru. Brilianty zas \u017eiaria ako pripomienka va\u0161ej jedine\u010dnosti a \u017eiarivej esencie. Tento \u0161perk v\u00e1s bude sprev\u00e1dza\u0165 na ceste k rovnov\u00e1he, l\u00e1ske a osobn\u00e9mu rastu.<\/p>\n<p>\ud83e\uddd8\u200d\u2640\ufe0f <strong>Vhodn\u00fd pre:<\/strong><br \/>\n\u2022 \u017eeny, ktor\u00e9 h\u013eadaj\u00fa \u0161perk s h\u013abkou a pr\u00edbehom<br \/>\n\u2022 ka\u017edodenn\u00e9 nosenie aj \u0161peci\u00e1lne pr\u00edle\u017eitosti<br \/>\n\u2022 kombinovanie s ob\u013e\u00faben\u00fdmi retiazkami alebo minimalistick\u00fdmi doplnkami<\/p>\n<p>Kristal sa da vymenit pod\u013ea va\u0161ich preferenci\u00ed(ru\u017een\u00edn, \u010dierny onyx, zelen\u00fd aventur\u00edn, opalit)<\/p>\n<p>Kamene: kri\u0161t\u00e1\u013e, 18ks lab grown briliantov(1mm)<br \/>\nZlato 14k<br \/>\nd\u013a\u017eka retiazky: 5cm<\/p><\/div>\n<p><!-- .vgblk-rw-wrapper --><\/p>","protected":false},"excerpt":{"rendered":"<p>\u2728 Pr\u00edvesok s kri\u0161t\u00e1\u013eom \u2013 v\u00fdnimo\u010dn\u00fd \u0161perk s du\u0161ou Nechajte sa un\u00e1\u0161a\u0165 jemnou energiou svetla a \u010distoty. Tento v\u00fdmenn\u00fd pr\u00edvesok s centr\u00e1lnym kry\u0161t\u00e1lom a \u017eiariv\u00fdmi laborat\u00f3rne pestovan\u00fdmi briliantmi nie je len \u0161perkom \u2013 je symbolom vn\u00fatorn\u00e9ho svetla, harm\u00f3nie a vedomej vo\u013eby. \ud83d\udc8e K\u013e\u00fa\u010dov\u00e9 vlastnosti: \u2022 Pr\u00edvesok s vymenite\u013en\u00fdm dizajnom \u2013 \u013eahko ho zlad\u00edte so svojou&#8230;<\/p>","protected":false},"featured_media":989565,"comment_status":"open","ping_status":"closed","template":"","meta":[],"product_brand":[],"product_cat":[33],"product_tag":[66,34],"class_list":{"0":"post-989562","1":"product","2":"type-product","3":"status-publish","4":"has-post-thumbnail","6":"product_cat-nahrdelniky","7":"product_tag-14k-zlato","8":"product_tag-nahrdelnik","10":"first","11":"instock","12":"shipping-taxable","13":"purchasable","14":"product-type-simple"},"_links":{"self":[{"href":"https:\/\/luciasmolen.com\/en\/wp-json\/wp\/v2\/product\/989562","targetHints":{"allow":["GET"]}}],"collection":[{"href":"https:\/\/luciasmolen.com\/en\/wp-json\/wp\/v2\/product"}],"about":[{"href":"https:\/\/luciasmolen.com\/en\/wp-json\/wp\/v2\/types\/product"}],"replies":[{"embeddable":true,"href":"https:\/\/luciasmolen.com\/en\/wp-json\/wp\/v2\/comments?post=989562"}],"version-history":[{"count":1,"href":"https:\/\/luciasmolen.com\/en\/wp-json\/wp\/v2\/product\/989562\/revisions"}],"predecessor-version":[{"id":989566,"href":"https:\/\/luciasmolen.com\/en\/wp-json\/wp\/v2\/product\/989562\/revisions\/989566"}],"wp:featuredmedia":[{"embeddable":true,"href":"https:\/\/luciasmolen.com\/en\/wp-json\/wp\/v2\/media\/989565"}],"wp:attachment":[{"href":"https:\/\/luciasmolen.com\/en\/wp-json\/wp\/v2\/media?parent=989562"}],"wp:term":[{"taxonomy":"product_brand","embeddable":true,"href":"https:\/\/luciasmolen.com\/en\/wp-json\/wp\/v2\/product_brand?post=989562"},{"taxonomy":"product_cat","embeddable":true,"href":"https:\/\/luciasmolen.com\/en\/wp-json\/wp\/v2\/product_cat?post=989562"},{"taxonomy":"product_tag","embeddable":true,"href":"https:\/\/luciasmolen.com\/en\/wp-json\/wp\/v2\/product_tag?post=989562"}],"curies":[{"name":"wp","href":"https:\/\/api.w.org\/{rel}","templated":true}]}}

<div class="vgblk-rw-wrapper limit-wrapper"><strong>✨ Prívesok s krištáľom – výnimočný šperk s dušou</strong></p>
<p>Nechajte sa unášať jemnou energiou svetla a čistoty. Tento výmenný prívesok s centrálnym kryštálom a žiarivými laboratórne pestovanými briliantmi nie je len šperkom – je symbolom vnútorného svetla, harmónie a vedomej voľby.</p>
<p>💎<strong> Kľúčové vlastnosti:</strong><br />
• Prívesok s vymeniteľným dizajnom – ľahko ho zladíte so svojou náladou, zámerom alebo outfitom<br />
• Ideálny na vlastnú retiazku – navrhnutý tak, aby ladil s väčšinou štandardných retiazok</p>
<p>🌟 <strong>Spiritualita a zmysel:</strong></p>
<p>Kryštál v srdci tohto prívesku symbolizuje čistotu myšlienok, vnútorný pokoj a jasnosť zámeru. Brilianty zas žiaria ako pripomienka vašej jedinečnosti a žiarivej esencie. Tento šperk vás bude sprevádzať na ceste k rovnováhe, láske a osobnému rastu.</p>
<p>🧘‍♀️ <strong>Vhodný pre:</strong><br />
• ženy, ktoré hľadajú šperk s hĺbkou a príbehom<br />
• každodenné nosenie aj špeciálne príležitosti<br />
• kombinovanie s obľúbenými retiazkami alebo minimalistickými doplnkami</p>
<p>Kristal sa da vymenit podľa vašich preferencií(ruženín, čierny onyx, zelený aventurín, opalit)</p>
<p>Kamene: krištáľ, 18ks lab grown briliantov(1mm)<br />
Zlato 14k<br />
dĺžka retiazky: 5cm</p></div>
<p><!-- .vgblk-rw-wrapper --></p>

<p>✨ Prívesok s krištáľom – výnimočný šperk s dušou Nechajte sa unášať jemnou energiou svetla a čistoty. Tento výmenný prívesok s centrálnym kryštálom a žiarivými laboratórne pestovanými briliantmi nie je len šperkom – je symbolom vnútorného svetla, harmónie a vedomej voľby. 💎 Kľúčové vlastnosti: • Prívesok s vymeniteľným dizajnom – ľahko ho zladíte so svojou&#8230;</p>
