{"id":989341,"date":"2024-12-06T10:10:24","date_gmt":"2024-12-06T09:10:24","guid":{"rendered":"http:\/\/luciasmolen.com\/?post_type=product&#038;p=989341"},"modified":"2025-12-02T14:27:01","modified_gmt":"2025-12-02T13:27:01","slug":"som-vila","status":"publish","type":"product","link":"https:\/\/luciasmolen.com\/en\/product\/som-vila\/","title":{"rendered":"I'm a fairy..."},"content":{"rendered":"<div class=\"vgblk-rw-wrapper limit-wrapper\">Material: 14k gold<\/p>\n<p>Chain length: 45 cm (with loops for shortening to 40 cm or 35 cm)<\/p>\n<p>Size of the gold plate: 22 mm x 4.6 mm<\/p>\n<p>Stones: 3 lab-grown brilliants \/ 1 mm \/<\/p><\/div>\n<p><!-- .vgblk-rw-wrapper --><\/p>","protected":false},"excerpt":{"rendered":"<p>I'm a fairy...<\/p>\n<p>Sp\u00e1jam k\u00fazlo jemnosti s neoby\u010dajnou silou. Rozd\u00e1vam rados\u0165, l\u00e1sku a dobr\u00fa energiu v\u0161ade kam pr\u00eddem. M\u00e1m schopnos\u0165 vidie\u0165 kr\u00e1su aj v t\u00fdch najjednoduch\u0161\u00edch veciach a in\u0161pirujem \u013eud\u00ed okolo seba svojou tvorivos\u0165ou, empatiou a pokojom. Ver\u00edm v seba a svoje sny a prin\u00e1\u0161am \u013eu\u010fom pocit, \u017ee svet je pln\u00fd z\u00e1zrakov. Som prirodzen\u00e1, slobodn\u00e1 a autentick\u00e1 a to ma rob\u00ed nezabudnute\u013enou.<\/p>\n<p>Som spojenie dvoch v\u00edl, priateliek a \u00e9terick\u00fdch, in\u0161pirat\u00edvnych \u017eien. Soryann a Lucii Smolen. Pridaj sa k n\u00e1m a bu\u010f aj ty V\u00cdLA. Spolu \u0161\u00edrme z\u00e1zraky, l\u00e1sku rados\u0165 nech je svet kraj\u0161\u00edm miestom pln\u00fdm n\u00e1s, V\u00cdL.<\/p>\n<p>Jemnu\u010dk\u00e1, elegantn\u00e1, \u00e9terick\u00e1 retiazka so zlat\u00fdm n\u00e1pisom \u201eSom v\u00edla&#8230;\u201c doplnen\u00e1 o\u00a03kusy laborat\u00f3rnych briliantov, ktor\u00e9 mu dod\u00e1vaj\u00fa luxusn\u00fd n\u00e1dych.<\/p>","protected":false},"featured_media":989337,"comment_status":"open","ping_status":"closed","template":"","meta":[],"product_brand":[],"product_cat":[33],"product_tag":[66,59,34],"class_list":{"0":"post-989341","1":"product","2":"type-product","3":"status-publish","4":"has-post-thumbnail","6":"product_cat-nahrdelniky","7":"product_tag-14k-zlato","8":"product_tag-lab-grown","9":"product_tag-nahrdelnik","11":"first","12":"instock","13":"shipping-taxable","14":"purchasable","15":"product-type-simple"},"_links":{"self":[{"href":"https:\/\/luciasmolen.com\/en\/wp-json\/wp\/v2\/product\/989341","targetHints":{"allow":["GET"]}}],"collection":[{"href":"https:\/\/luciasmolen.com\/en\/wp-json\/wp\/v2\/product"}],"about":[{"href":"https:\/\/luciasmolen.com\/en\/wp-json\/wp\/v2\/types\/product"}],"replies":[{"embeddable":true,"href":"https:\/\/luciasmolen.com\/en\/wp-json\/wp\/v2\/comments?post=989341"}],"version-history":[{"count":3,"href":"https:\/\/luciasmolen.com\/en\/wp-json\/wp\/v2\/product\/989341\/revisions"}],"predecessor-version":[{"id":989392,"href":"https:\/\/luciasmolen.com\/en\/wp-json\/wp\/v2\/product\/989341\/revisions\/989392"}],"wp:featuredmedia":[{"embeddable":true,"href":"https:\/\/luciasmolen.com\/en\/wp-json\/wp\/v2\/media\/989337"}],"wp:attachment":[{"href":"https:\/\/luciasmolen.com\/en\/wp-json\/wp\/v2\/media?parent=989341"}],"wp:term":[{"taxonomy":"product_brand","embeddable":true,"href":"https:\/\/luciasmolen.com\/en\/wp-json\/wp\/v2\/product_brand?post=989341"},{"taxonomy":"product_cat","embeddable":true,"href":"https:\/\/luciasmolen.com\/en\/wp-json\/wp\/v2\/product_cat?post=989341"},{"taxonomy":"product_tag","embeddable":true,"href":"https:\/\/luciasmolen.com\/en\/wp-json\/wp\/v2\/product_tag?post=989341"}],"curies":[{"name":"wp","href":"https:\/\/api.w.org\/{rel}","templated":true}]}}

<p>I'm a fairy...</p>
<p>Spájam kúzlo jemnosti s neobyčajnou silou. Rozdávam radosť, lásku a dobrú energiu všade kam prídem. Mám schopnosť vidieť krásu aj v tých najjednoduchších veciach a inšpirujem ľudí okolo seba svojou tvorivosťou, empatiou a pokojom. Verím v seba a svoje sny a prinášam ľuďom pocit, že svet je plný zázrakov. Som prirodzená, slobodná a autentická a to ma robí nezabudnuteľnou.</p>
<p>Som spojenie dvoch víl, priateliek a éterických, inšpiratívnych žien. Soryann a Lucii Smolen. Pridaj sa k nám a buď aj ty VÍLA. Spolu šírme zázraky, lásku radosť nech je svet krajším miestom plným nás, VÍL.</p>
<p>Jemnučká, elegantná, éterická retiazka so zlatým nápisom „Som víla&#8230;“ doplnená o 3kusy laboratórnych briliantov, ktoré mu dodávajú luxusný nádych.</p>
