{"id":988812,"date":"2023-06-13T16:47:02","date_gmt":"2023-06-13T14:47:02","guid":{"rendered":"http:\/\/luciasmolen.com\/?post_type=product&#038;p=988812"},"modified":"2025-12-02T14:29:50","modified_gmt":"2025-12-02T13:29:50","slug":"retiazka-s-velkymi-ovalnymi-okami","status":"publish","type":"product","link":"https:\/\/luciasmolen.com\/en\/product\/retiazka-s-velkymi-ovalnymi-okami\/","title":{"rendered":"Retiazka s ve\u013ek\u00fdmi ov\u00e1lnymi okami"},"content":{"rendered":"<div class=\"vgblk-rw-wrapper limit-wrapper\">Z\u00a0chirurgickej ocele, pozl\u00e1ten\u00e1<\/div>\n<p><!-- .vgblk-rw-wrapper --><\/p>","protected":false},"excerpt":{"rendered":"<h4 data-start=\"0\" data-end=\"84\"><strong data-start=\"4\" data-end=\"82\">Elegantn\u00e1 retiazka s ve\u013ek\u00fdmi ov\u00e1lnymi okami \u2013 \u0161t\u00fdlov\u00fd doplnok na vrstvenie<\/strong><\/h4>\n<p>T\u00e1to sofistikovan\u00e1 retiazka s ve\u013ek\u00fdmi ov\u00e1lnymi okami je dokonal\u00fdm doplnkom pre milovn\u00edkov minimalistick\u00e9ho, no z\u00e1rove\u0148 v\u00fdrazn\u00e9ho \u0161perku. Je navrhnut\u00e1 tak, aby sa dokonale prisp\u00f4sobila r\u00f4znym \u0161t\u00fdlom a dala sa \u013eahko kombinova\u0165 s \u010fal\u0161\u00edmi retiazkami \u010di pr\u00edveskami.<\/p>\n<p data-start=\"350\" data-end=\"394\"><strong data-start=\"355\" data-end=\"392\">V\u0161estrannos\u0165 a elegancia v jednom<\/strong><\/p>\n<p>Dizajn retiazky umo\u017e\u0148uje jednoduch\u00e9 vrstvenie, pri\u010dom v\u010faka prisp\u00f4sobite\u013enej d\u013a\u017eke si ju m\u00f4\u017eete nastavi\u0165 pod\u013ea potreby. Elegantn\u00e9 ov\u00e1lne o\u010dk\u00e1 dod\u00e1vaj\u00fa \u0161perku modern\u00fd a sofistikovan\u00fd vzh\u013ead, ktor\u00fd sa hod\u00ed na ka\u017edodenn\u00e9 nosenie aj \u0161peci\u00e1lne pr\u00edle\u017eitosti.<\/p>\n<p data-start=\"651\" data-end=\"700\"><strong data-start=\"656\" data-end=\"698\">Kvalitn\u00e9 prevedenie a pohodln\u00e9 nosenie<\/strong><\/p>\n<p>Retiazka je vyroben\u00e1 z kvalitn\u00e9ho materi\u00e1lu, ktor\u00fd zaru\u010duje jej dlh\u00fa \u017eivotnos\u0165 a odolnos\u0165 vo\u010di opotrebeniu. V\u010faka jednoduch\u00e9mu zap\u00ednaniu je jej nasadzovanie a odn\u00edmanie r\u00fdchle a pohodln\u00e9.<\/p>\n<p>Nech u\u017e ju nos\u00edte samostatne alebo v kombin\u00e1cii s in\u00fdmi \u0161perkami, t\u00e1to retiazka s ov\u00e1lnymi okami v\u00e1m dod\u00e1 jedine\u010dn\u00fd a \u0161t\u00fdlov\u00fd vzh\u013ead.<\/p>","protected":false},"featured_media":988813,"comment_status":"open","ping_status":"closed","template":"","meta":[],"product_brand":[],"product_cat":[33],"product_tag":[71,74],"class_list":{"0":"post-988812","1":"product","2":"type-product","3":"status-publish","4":"has-post-thumbnail","6":"product_cat-nahrdelniky","7":"product_tag-chirurgicka-ocel","8":"product_tag-pozlatena","10":"first","11":"outofstock","12":"shipping-taxable","13":"purchasable","14":"product-type-simple"},"_links":{"self":[{"href":"https:\/\/luciasmolen.com\/en\/wp-json\/wp\/v2\/product\/988812","targetHints":{"allow":["GET"]}}],"collection":[{"href":"https:\/\/luciasmolen.com\/en\/wp-json\/wp\/v2\/product"}],"about":[{"href":"https:\/\/luciasmolen.com\/en\/wp-json\/wp\/v2\/types\/product"}],"replies":[{"embeddable":true,"href":"https:\/\/luciasmolen.com\/en\/wp-json\/wp\/v2\/comments?post=988812"}],"version-history":[{"count":3,"href":"https:\/\/luciasmolen.com\/en\/wp-json\/wp\/v2\/product\/988812\/revisions"}],"predecessor-version":[{"id":989463,"href":"https:\/\/luciasmolen.com\/en\/wp-json\/wp\/v2\/product\/988812\/revisions\/989463"}],"wp:featuredmedia":[{"embeddable":true,"href":"https:\/\/luciasmolen.com\/en\/wp-json\/wp\/v2\/media\/988813"}],"wp:attachment":[{"href":"https:\/\/luciasmolen.com\/en\/wp-json\/wp\/v2\/media?parent=988812"}],"wp:term":[{"taxonomy":"product_brand","embeddable":true,"href":"https:\/\/luciasmolen.com\/en\/wp-json\/wp\/v2\/product_brand?post=988812"},{"taxonomy":"product_cat","embeddable":true,"href":"https:\/\/luciasmolen.com\/en\/wp-json\/wp\/v2\/product_cat?post=988812"},{"taxonomy":"product_tag","embeddable":true,"href":"https:\/\/luciasmolen.com\/en\/wp-json\/wp\/v2\/product_tag?post=988812"}],"curies":[{"name":"wp","href":"https:\/\/api.w.org\/{rel}","templated":true}]}}

Retiazka s veľkými oválnymi okami

<div class="vgblk-rw-wrapper limit-wrapper">Z chirurgickej ocele, pozlátená</div>
<p><!-- .vgblk-rw-wrapper --></p>

<h4 data-start="0" data-end="84"><strong data-start="4" data-end="82">Elegantná retiazka s veľkými oválnymi okami – štýlový doplnok na vrstvenie</strong></h4>
<p>Táto sofistikovaná retiazka s veľkými oválnymi okami je dokonalým doplnkom pre milovníkov minimalistického, no zároveň výrazného šperku. Je navrhnutá tak, aby sa dokonale prispôsobila rôznym štýlom a dala sa ľahko kombinovať s ďalšími retiazkami či príveskami.</p>
<p data-start="350" data-end="394"><strong data-start="355" data-end="392">Všestrannosť a elegancia v jednom</strong></p>
<p>Dizajn retiazky umožňuje jednoduché vrstvenie, pričom vďaka prispôsobiteľnej dĺžke si ju môžete nastaviť podľa potreby. Elegantné oválne očká dodávajú šperku moderný a sofistikovaný vzhľad, ktorý sa hodí na každodenné nosenie aj špeciálne príležitosti.</p>
<p data-start="651" data-end="700"><strong data-start="656" data-end="698">Kvalitné prevedenie a pohodlné nosenie</strong></p>
<p>Retiazka je vyrobená z kvalitného materiálu, ktorý zaručuje jej dlhú životnosť a odolnosť voči opotrebeniu. Vďaka jednoduchému zapínaniu je jej nasadzovanie a odnímanie rýchle a pohodlné.</p>
<p>Nech už ju nosíte samostatne alebo v kombinácii s inými šperkami, táto retiazka s oválnymi okami vám dodá jedinečný a štýlový vzhľad.</p>
